{"id":4615,"date":"2023-11-01T11:54:20","date_gmt":"2023-11-01T11:54:20","guid":{"rendered":"https:\/\/fidalgo.qodeinteractive.com\/?page_id=4615"},"modified":"2025-08-22T12:14:01","modified_gmt":"2025-08-22T12:14:01","slug":"about-us","status":"publish","type":"page","link":"https:\/\/monorestaurants.com\/?page_id=4615","title":{"rendered":"About Us"},"content":{"rendered":"\t\t<div data-elementor-type=\"wp-page\" data-elementor-id=\"4615\" class=\"elementor elementor-4615\">\n\t\t\t\t<div class=\"elementor-element elementor-element-e683e2d e-con-full e-flex e-con e-parent\" data-id=\"e683e2d\" data-element_type=\"container\">\n\t\t\t\t<\/div>\n\t\t<div class=\"elementor-element elementor-element-e675804 e-con-full e-flex e-con e-parent\" data-id=\"e675804\" data-element_type=\"container\" data-settings=\"{&quot;background_background&quot;:&quot;classic&quot;}\">\n\t\t<div class=\"elementor-element elementor-element-e3e1f0b e-con-full e-flex e-con e-child\" data-id=\"e3e1f0b\" data-element_type=\"container\">\n\t\t\t\t<div class=\"elementor-element elementor-element-23049bc elementor-widget__width-initial e-transform elementor-widget-mobile__width-initial elementor-widget-tablet__width-inherit elementor-widget elementor-widget-fidalgo_core_custom_font\" data-id=\"23049bc\" data-element_type=\"widget\" data-settings=\"{&quot;_transform_rotateZ_effect&quot;:{&quot;unit&quot;:&quot;px&quot;,&quot;size&quot;:-6,&quot;sizes&quot;:[]},&quot;_transform_rotateZ_effect_tablet&quot;:{&quot;unit&quot;:&quot;deg&quot;,&quot;size&quot;:&quot;&quot;,&quot;sizes&quot;:[]},&quot;_transform_rotateZ_effect_mobile&quot;:{&quot;unit&quot;:&quot;deg&quot;,&quot;size&quot;:&quot;&quot;,&quot;sizes&quot;:[]}}\" data-widget_type=\"fidalgo_core_custom_font.default\">\n\t\t\t\t<div class=\"elementor-widget-container\">\n\t\t\t\t\t<p class=\"qodef-shortcode qodef-m  qodef-custom-font qodef-custom-font-160 qodef-layout--simple qodef-align--left  qodef--has-scroll\" style=\"color: #C49871;font-family: Mrs Saint Delafield;font-size: 50px;line-height: 60px\" >\n\t<span class=\"qodef-e-inner\">\n\t\t\t\t\tThe art of Vietnamese cooking\t\t\t<\/span>\n<\/p>\n\t\t\t\t<\/div>\n\t\t\t\t<\/div>\n\t\t\t\t<div class=\"elementor-element elementor-element-a7e3e8d elementor-widget__width-initial elementor-widget-mobile__width-inherit e-transform elementor-widget elementor-widget-fidalgo_core_info_section\" data-id=\"a7e3e8d\" data-element_type=\"widget\" data-settings=\"{&quot;_transform_rotateZ_effect&quot;:{&quot;unit&quot;:&quot;px&quot;,&quot;size&quot;:0,&quot;sizes&quot;:[]},&quot;_transform_rotateZ_effect_tablet&quot;:{&quot;unit&quot;:&quot;deg&quot;,&quot;size&quot;:&quot;&quot;,&quot;sizes&quot;:[]},&quot;_transform_rotateZ_effect_mobile&quot;:{&quot;unit&quot;:&quot;deg&quot;,&quot;size&quot;:&quot;&quot;,&quot;sizes&quot;:[]}}\" data-widget_type=\"fidalgo_core_info_section.default\">\n\t\t\t\t<div class=\"elementor-widget-container\">\n\t\t\t\t\t<div class=\"qodef-shortcode qodef-m  qodef-info-section qodef-layout--background-text qodef-title-break--disabled qodef-background-text-pos--bottom-left \">\n    <div class=\"qodef-m-info\">\n        <div class=\"qodef-m-title-holder\">\n                        \t<h2 class=\"qodef-m-title\" >\n\t\tWillkommen im Mono \t<\/h2>\n        <\/div>\n        <div class=\"qodef-m-text-holder\" style=\"margin-top: 10px\">\n            <div class=\"qodef-m-text-info\">\n        <div class=\"qodef-m-text\" style=\"--qode-info-color: #CED8D8\"><p>Im Mono Restaurant erwartet dich vietnamesische K\u00fcche mit modernem europ\u00e4ischen Touch. Wir kombinieren klassische Aromen Vietnams mit kreativen Ideen und bieten dir abwechslungsreiche Geschmackserlebnisse. Erg\u00e4nzt wird unsere Karte durch frisch zubereitetes Sushi \u2013 perfekt f\u00fcr alle Fans asiatischer Vielfalt.Unsere vietnamesische K\u00fcche ist modern interpretiert und an den europ\u00e4ischen Gaumen angepasst. Frische Zutaten und sorgf\u00e4ltige Zubereitung stehen dabei im Mittelpunkt.<br \/>Bei uns ist jeder willkommen. Ob Fleischliebhaber, Vegetarier oder Sushi-Fan \u2013 hier findet jeder etwas Passendes. Unser modernes, stilvolles Interior und die entspannte Atmosph\u00e4re laden zum Genie\u00dfen ein. Wir m\u00f6chten dir nicht nur gutes Essen bieten, sondern ein rundum sch\u00f6nes Erlebnis. Komm vorbei und entdecke deine neuen Favoriten!<\/p><\/div>\n    <\/div>\n        <\/div>\n\t\t\t<\/div>\n<\/div>\t\t\t\t<\/div>\n\t\t\t\t<\/div>\n\t\t\t\t<\/div>\n\t\t\t\t<\/div>\n\t\t\t\t<\/div>\n\t\t","protected":false},"excerpt":{"rendered":"<p>The art of Vietnamese cooking Willkommen im Mono Im Mono Restaurant erwartet dich vietnamesische K\u00fcche mit modernem europ\u00e4ischen Touch. Wir kombinieren klassische Aromen Vietnams mit kreativen Ideen und bieten dir abwechslungsreiche Geschmackserlebnisse. Erg\u00e4nzt wird unsere Karte durch frisch zubereitetes Sushi \u2013 perfekt f\u00fcr alle Fans asiatischer Vielfalt.Unsere vietnamesische K\u00fcche ist modern interpretiert und an den [&hellip;]<\/p>\n","protected":false},"author":1,"featured_media":0,"parent":0,"menu_order":0,"comment_status":"closed","ping_status":"closed","template":"page-full-width.php","meta":{"footnotes":""},"class_list":["post-4615","page","type-page","status-publish","hentry"],"_links":{"self":[{"href":"https:\/\/monorestaurants.com\/index.php?rest_route=\/wp\/v2\/pages\/4615","targetHints":{"allow":["GET"]}}],"collection":[{"href":"https:\/\/monorestaurants.com\/index.php?rest_route=\/wp\/v2\/pages"}],"about":[{"href":"https:\/\/monorestaurants.com\/index.php?rest_route=\/wp\/v2\/types\/page"}],"author":[{"embeddable":true,"href":"https:\/\/monorestaurants.com\/index.php?rest_route=\/wp\/v2\/users\/1"}],"replies":[{"embeddable":true,"href":"https:\/\/monorestaurants.com\/index.php?rest_route=%2Fwp%2Fv2%2Fcomments&post=4615"}],"version-history":[{"count":5,"href":"https:\/\/monorestaurants.com\/index.php?rest_route=\/wp\/v2\/pages\/4615\/revisions"}],"predecessor-version":[{"id":12062,"href":"https:\/\/monorestaurants.com\/index.php?rest_route=\/wp\/v2\/pages\/4615\/revisions\/12062"}],"wp:attachment":[{"href":"https:\/\/monorestaurants.com\/index.php?rest_route=%2Fwp%2Fv2%2Fmedia&parent=4615"}],"curies":[{"name":"wp","href":"https:\/\/api.w.org\/{rel}","templated":true}]}}